n(m) = -m**3 - 29*m**2 - 79*m - 12. Suppose 33*z + 1122 = 264. Calculate the remainder when 40 is divided by n(z).
12
Suppose m = 5*p + 53, -4*m + 23 = -3*p - 206. Suppose -2*w - w = 33. Let x = 26 + w. What is the remainder when m is divided by x?
13
Suppose 0 = 1079*k - 1101*k + 154. Calculate the remainder when 9 is divided by k.
2
Suppose -3161 + 12576 = 269*b. What is the remainder when 144 is divided by b?
4
Let m = -2984 - -3012. Calculate the remainder when 1343 is divided by m.
27
Let a be (-12416)/(-80)*5/(-2). Let h = a - -521. Calculate the remainder when h is divided by 23.
18
Let l = -3764 - -4020. Calculate the remainder when l is divided by 87.
82
Let x(k) = -k**3 - k - 1. Let g = 757 - 713. Calculate the remainder when g is divided by x(-2).
8
Let q be (-22)/(-18) + 56/(-252). Let l(h) = 34*h - 1. Let o(g) = -g**3 - 5*g**2 - g + 7. What is the remainder when l(q) is divided by o(-5)?
9
Let d = 10644 + -9703. What is the remainder when d is divided by 301?
38
Let o = 47 + -26. Calculate the remainder when 79 is divided by (o/2)/(21/28).
9
Let o(l) = 10*l - 71. Let z(b) = -2*b**3 + 17*b**2 - 10*b + 24. Let j be z(8). What is the remainder when o(j) is divided by 8?
1
Suppose -2*i = -5*m + 33, 4*m - 2*i + i = 24. Suppose -m*j = 7*j - 1236. What is the remainder when j is divided by 22?
15
Suppose -49323*h - 6188 = -49349*h. What is the remainder when h is divided by 36?
22
Suppose -46*c - 35*c = -4131. Let j be 8*(-2)/10*5. What is the remainder when (101 - 0) + j/2 is divided by c?
46
Let u = 7061 + -6904. Calculate the remainder when u is divided by 114.
43
Let q = 6333 + -6306. What is the remainder when 107 is divided by q?
26
Suppose -43*w + 79*w + 106*w - 1136 = 0. Let n = 36 + -18. Calculate the remainder when n is divided by w.
2
Let b(u) = 31*u - 93. Let a be b(17). Let k = 445 - a. What is the remainder when -2*(-1)/(1/38) is divided by k?
10
Let s be (8/12)/((-4)/(-30)). Suppose s*x - 107 = -7. What is the remainder when (7 + -56)/((-2)/4) is divided by x?
18
Let s = 285 + 3619. What is the remainder when s is divided by 12?
4
Let d be 16/18*-3*-3. Suppose 3*r - 4*g + 7*g = 15, -3*r - g + 9 = 0. Calculate the remainder when ((d/6)/r)/((-14)/(-777)) is divided by 13.
11
Let q(v) = v + 94. Let i be q(0). Let p = -23 + i. Calculate the remainder when p is divided by 13.
6
Let h(j) = -j**3 + 8*j**2 + 10*j - 15. Let b be 1/(-5)*-43 + (-16)/(-40). Let f be h(b). What is the remainder when (41 - f) + (0 - 3) is divided by 16?
12
Suppose 0 = -w + 4*k + 14, 0*k = -2*w - 2*k - 2. Suppose v + w*v = 75. Calculate the remainder when -1 + (-147)/(-6 + 3) is divided by v.
23
Let p = -2 - -7. Suppose t = p*g + 31, -6*t + t + g + 59 = 0. Suppose 20 = f + 7*m, -40*f + 4*m = -38*f - 94. Calculate the remainder when f is divided by t.
8
Suppose -3*o = 20*o - 690. Calculate the remainder when 91 is divided by ((-6)/(-5))/(o/500).
11
Let w(k) = -k**3 + 3*k**2 - 24*k - 119. Calculate the remainder when 974 is divided by w(-4).
84
Suppose -89*i + 178*i - 86*i - 963 = 0. What is the remainder when i is divided by 86?
63
Suppose -54 = -n + 2*b, -65 = -5*n + b + 178. Suppose 462 = -19*l + 2248. Calculate the remainder when l is divided by n.
46
Suppose 0 = -8*a + 14*a + 24. Calculate the remainder when 92 is divided by a/4*7 - -55.
44
Let k(g) = 22*g + 750. Calculate the remainder when k(-13) is divided by 94.
88
Suppose 0 = -2*m + 4*q + 3524, -q - 1792 = -m - 5*q. Let y = m + -850. Calculate the remainder when y is divided by 42.
40
Let o = -2338 + 2433. Let s = 76 + -44. What is the remainder when o is divided by s?
31
Suppose 2*s = -5*x + 2, 2*x = 4*s + 4*x - 20. Suppose -s*y - 401 = -3*m - 7*y, -2*m + y = -259. Calculate the remainder when m is divided by 46.
40
Let i be -3 + 0 - -2 - (1 - 4). Suppose 0 = -t - 3*x + 104 - 35, -220 = -3*t + 4*x. Calculate the remainder when t is divided by (i/(-4))/((-12)/600).
22
Let z be (-100)/(-45) + (-4)/18. Suppose 85 = 5*t - 5*b, 4*b - 9 = -t - z. What is the remainder when 1227 is divided by t?
12
Let o be 3/(-4 - 121/(-30)). Suppose 5*a - o = 50. Calculate the remainder when a is divided by (-14)/(-4) - (-12)/8.
3
Suppose k + 22 + 2 = -5*f, -2*k - 24 = 4*f. Let d(r) = -r**3 - 4*r**2 - 6*r - 12. What is the remainder when 200 is divided by d(k)?
8
What is the remainder when 507 is divided by (-410)/(-492) + 2253/18?
3
Let g be 5 - 18662/12 - 1/(-6). Let w = -1041 - g. Calculate the remainder when w is divided by 34.
33
Suppose -84*m - 40177 = -119*m + 17888. What is the remainder when m is divided by 59?
7
Let u(d) = -4*d - 33. What is the remainder when 6425 is divided by u(-24)?
62
Suppose 0 = 5*t - 125 + 385. Calculate the remainder when 57 is divided by (21/42)/((-2)/t).
5
Let c(b) = -32*b + 206. Suppose -5*i - 2 = -2*u - 3*i, -4 = u - 2*i. What is the remainder when 237 is divided by c(u)?
13
Let l = 94 - 98. What is the remainder when 108/2*(-2)/l is divided by 13?
1
What is the remainder when 438 is divided by 1 - ((-14)/4)/(13 + 75/(-6))?
6
Let c = 8562 + -8539. Calculate the remainder when 963 is divided by c.
20
Let p(y) = y**2 + 14*y + 1. Let o be p(-16). Let w be (-1425)/o + 8/44. Let k = w - -67. What is the remainder when 70 is divided by k?
22
Let i(n) = 11*n + 30. Let a be i(0). Suppose 2*j - 4*c = 28, -3*j - 3*c + a = -3. Calculate the remainder when 3/6*29*4 is divided by j.
10
Let p = 3021 + -2992. Calculate the remainder when 113 is divided by p.
26
Let l = 10586 - 10440. Calculate the remainder when l is divided by 5.
1
Calculate the remainder when 11/(-11)*1 + 1346/2 is divided by 114.
102
Calculate the remainder when 290 is divided by (-3 - (-27)/(-3))*(-4512)/384.
8
Let c(k) = k**2 - 40*k - 121. Let y be c(43). Suppose -y*p + 2*p + 2130 = 0. Calculate the remainder when p is divided by 89.
88
Let l(m) = 2*m**2 - 1. Let q be (3 - 8) + 4 - 8. Let t be (9/6)/(q/24). What is the remainder when 123 is divided by l(t)?
30
Let i = -435 - -439. Suppose -i*s = 12*s - 432. Calculate the remainder when 119 is divided by s.
11
Suppose -a - 1 = 2*p - 5*p, 3*p - 9 = 0. Suppose -16*u + 248 = -a*u. What is the remainder when u is divided by 11?
9
Calculate the remainder when 1986 is divided by 23 + -35 - (-330)/2.
150
Let u(g) = -2*g - 30. Let i be u(12). Let b = i + 88. What is the remainder when b is divided by 14?
6
Let x(c) = -c**3 + 26*c**2 + 6*c + 13. Let n be x(23). Suppose -9*h - 1124 = n. What is the remainder when (h/4)/(27/(-36)) is divided by 18?
16
Suppose -2*a = 4*r - 6*a - 384, 2*r = -2*a + 184. Suppose -r = -8*m + 50. Calculate the remainder when 89 is divided by m.
17
Calculate the remainder when 3914 is divided by ((-13973)/942)/((-4)/24).
87
Suppose 5*i + 113 = 478. Let p(q) = 2*q - 72. Let w be p(43). Suppose u - 3*j = w, -2*u + j - 4*j = -i. What is the remainder when u is divided by 16?
13
Let t be ((-8)/3)/(5/(-60)). Let z = 51 - t. Suppose -173 = 4*j + 4*q - 257, 4*q = 20. Calculate the remainder when z is divided by j.
3
Suppose -2*r - 5 + 57 = 4*y, -y = 2*r - 46. Suppose 660 = r*i - 10*i. What is the remainder when i is divided by 14?
13
Let i = 95 + -79. Suppose -7*t + 4*t + 150 = 0. Let w = t + -26. Calculate the remainder when w is divided by i.
8
Suppose -14*n - 12*n = 2236. Let c = n + 98. What is the remainder when 32 is divided by c?
8
Let c = 10007 + -9234. Calculate the remainder when c is divided by 768.
5
Let v(z) = -86*z - 1336. What is the remainder when 129 is divided by v(-16)?
9
Let b(m) = 464*m + 10240. Let c(s) be the second derivative of -s**4/12 + 3*s**3/2 - 3*s**2 + 2*s. Calculate the remainder when b(-22) is divided by c(6).
8
Let w be -30 - (5 - (2 + 7)). Let c = -21 - w. Suppose -96 = -2*j - 3*b + c*b, -5*j + b = -224. Calculate the remainder when j is divided by 19.
6
Suppose -v = v - 2*c - 252, -12 = -4*c. Suppose -h - 1039 + 887 = -7*p, 14 = p - 4*h. What is the remainder when v is divided by p?
19
Suppose 4*a + a - 45 = -5*t, 4*t - a - 16 = 0. Let x be (-2 - -5)*t/3. Let n = x - 4. What is the remainder when 4 is divided by n?
0
Suppose 14*v = 4*v - 37*v + 2209. What is the remainder when 4934 is divided by v?
46
Calculate the remainder when ((-3)/(-36)*6 - 1)/((-6)/13056) is divided by 12.
8
Suppose 192 = 2*w + 2*d, d - 1928 = 2*w - 2